 36/(-8)). Let v be 16/8 - (l - j). What is the highest common factor of 12 and v?
3
Let h(t) = 4*t - 5. Let v be h(6). Suppose v = l + 5. Calculate the greatest common divisor of l and 2.
2
Let t = 20 + -2. Let g(n) = -3*n. Let f be g(-30). Calculate the highest common factor of f and t.
18
Let b = -177 - -191. Suppose 0 = 5*t - 12 + 2. Calculate the highest common factor of t and b.
2
Suppose -i - 3*f + 6 = 0, 0 = -3*i + 5*f - 10*f + 30. Calculate the greatest common divisor of i and 55.
5
Suppose -2*z - 7 = -25. Let u be z/6 - (-25)/10. Suppose 0 = -u*n + 26 + 34. Calculate the highest common factor of 10 and n.
5
Let t(g) = -2*g**3 - 4*g**2 - 3. Let i be t(-3). Let m = 42 + -39. Suppose 2*v - m*j = 21, 4*v - 59 - 4 = -j. What is the highest common factor of v and i?
15
Let a(h) = -34*h - 263. Let f be a(-8). Let c = -1 + 2. What is the highest common divisor of c and f?
1
Let d be (-3 - -2) + 4/(-4). Let x be (-9)/(45/(-70)) - d. What is the greatest common factor of x and 112?
16
Let j = -2 + 2. Suppose -3*f + j*f = -27. Let c(t) = -t + 14. Let l be c(5). What is the greatest common factor of l and f?
9
Let g(m) = -m**2 + 10*m + 2. Let a be g(9). Let h = a - 7. Suppose 0 = k - 2*f - 12, -3*f - 42 = -h*k - f. What is the greatest common divisor of 80 and k?
10
Suppose 3*b - 2 = 4. Let k be (-12)/(-3) + b*2. Calculate the greatest common factor of 20 and k.
4
Let s be 0 + -3*(-4)/6. Suppose -8 = -s*h, -4*h - 4 = -5*p + 10. Suppose 2*l - 2*a = a + 18, 28 = 2*l + 2*a. Calculate the highest common factor of p and l.
6
Suppose -3*c + 6*c + 5*w - 234 = 0, 4*w = -2*c + 158. What is the highest common factor of 292 and c?
73
Let k be 21 + 10*(-3 - 65/(-25)). Calculate the highest common divisor of k and 119.
17
Suppose 5*l - 10*l = -665. Suppose -2*t + l = 5*t. Calculate the greatest common factor of t and 171.
19
Let j = 191 - -52. Let h = j - 110. What is the greatest common factor of h and 19?
19
Suppose h + 5*b - 18 = 0, 0*h = 4*h - 4*b. Suppose 5*f + 3 = -2*j - h, 0 = 3*j - 3*f - 33. Calculate the greatest common factor of 56 and j.
7
Let d be (-3391492)/(-1557) + ((-4)/(-9))/(-2). Calculate the greatest common factor of 18 and d.
18
Let r be (-5760)/(-110) + 8/(-22). Calculate the highest common factor of r and 1274.
26
Let i be ((-4)/3)/((-1)/114). Let p be 42/((-588)/(-262)) + (-3)/(21/(-2)). Calculate the highest common divisor of p and i.
19
Let u be (-848)/159*(1 + -4). What is the greatest common divisor of 8 and u?
8
Suppose 3*u - 618 = -3*n - 177, -4*n = -4*u + 588. What is the highest common divisor of u and 84?
21
Let h = -293 - -297. Calculate the greatest common divisor of h and 4.
4
Let w(x) = 2*x + 12. Let s = 44 - 31. Let t be w(s). What is the highest common divisor of 266 and t?
38
Let p(b) = b**2 - 5*b + 13. Let o be p(9). Suppose 491 = 5*y - o. Let i be 2/7 + (-164)/(-14). Calculate the greatest common factor of y and i.
12
Suppose -3*w = -2*s + 8, -5*w - 3 = 7. Calculate the highest common factor of 23 and s.
1
Let a be (-10)/(-3) - (2 - (-8)/(-3)). Suppose 0 = 5*i - 7*v + a*v, -v + 14 = 3*i. What is the greatest common divisor of 3 and i?
3
Let g = 107 + -171. Let n = 67 + g. Calculate the highest common factor of 1 and n.
1
Let k = 24 + -1. Let x = 111 - 60. Let i = x - k. What is the highest common divisor of 7 and i?
7
Let a(r) = -r**2 - 23*r + 28. Let h be a(-24). Suppose -h*o = -5*o + 21. What is the highest common factor of o and 7?
7
Let s(k) = -485*k + 2*k**2 + 2 + 491*k + 6. Let g be s(-4). Calculate the highest common factor of 176 and g.
16
Suppose -j = 2*v - 21, 3*v + 5*j = j + 44. Calculate the highest common divisor of v and 2.
2
Suppose -425 = -45*z + 20*z. Calculate the greatest common divisor of z and 391.
17
Let k(h) = h**3 + 14*h**2 - 20. Let i be k(-14). Let v = i - -28. Suppose 0 = 3*j - 0*j - 6. Calculate the highest common divisor of j and v.
2
Let g be (-4)/(3/(288/(-6))). What is the greatest common divisor of g and 12?
4
Let w(t) = 4*t - 21. Let s be w(6). Suppose 5*j - s*h = 914, -455 = -4*j - 3*h + 287. Calculate the greatest common factor of 23 and j.
23
Let k = -197 - -203. Calculate the highest common factor of 3 and k.
3
Let y = 35 - -9. Let t be 4*12/32*y. Let u(a) = -a**2 + a + 6. Let i be u(0). What is the highest common factor of i and t?
6
Let t be 2/(-1)*(-5 - -1). Let n = 11 - t. Suppose -2*a - h + 26 = 0, n*a - 4*h = -20 + 70. What is the highest common divisor of a and 28?
14
Let k = -27 + 71. Suppose 6*i = -3*h + 9*i + 72, 5*i - 12 = -h. What is the greatest common divisor of h and k?
22
Let n be 14/2 + -4 + 5. Let l be -16*(4/2 - n). What is the highest common factor of 12 and l?
12
Let s be -12 + 7 - -2*2. Let k be (-56)/(-4)*-1*s. Let g = 488 + -334. Calculate the greatest common factor of g and k.
14
Suppose 5*z - 705 = 3*z - 3*r, -4*z + 3*r + 1437 = 0. Calculate the greatest common divisor of z and 21.
21
Suppose -4*a + 1720 = 4*u, 4*u - 3 - 13 = 0. Let c be 2/(-5) - a/(-15). Calculate the highest common divisor of 140 and c.
28
Suppose 642 = 6*c - 222. Calculate the greatest common factor of c and 27.
9
Suppose 2*s - 20 = -2*s. Suppose -3 = 3*f, s*j + f - 15 = 14. What is the greatest common factor of j and 18?
6
Suppose -o - 9 + 116 = 0. Suppose -5*l - 4*u = -o, 4*l - 66 = -5*u + 16. Calculate the greatest common factor of 253 and l.
23
Let p(q) = -2*q**2 + 52*q + 124. Let w be p(28). What is the greatest common factor of 33 and w?
3
Let i be (-17)/(-6) - 2*1/(-12). Suppose -455 = -i*k - m + 149, -4*k = -m - 796. What is the greatest common factor of 20 and k?
20
Suppose -3*t + 5*x = -24, 11*t + 2*x + 32 = 15*t. Let o = -2 - -7. Let d be ((-24)/(-15))/(1/o). What is the highest common divisor of d and t?
8
Let f = 10 - 1. Let w be ((-450)/5)/(-2 - -1). Suppose -8*c + 3*c = -w. Calculate the greatest common divisor of c and f.
9
Let x(j) = j**2 + 6*j - 310. Let z be x(-21). What is the greatest common divisor of 2 and z?
1
Let f be 9/(-12)*(-16)/3. Suppose -3*j = f*r - 30, -2*j = -3*j - 2*r + 10. What is the highest common factor of 90 and j?
10
Let l(m) = 7*m**2 - 198*m - 4. Let w be l(-5). What is the highest common factor of 27 and w?
27
Suppose -2*u + 18 = -3*o - 2*o, -2*o = 5*u - 45. Suppose 0 = p + 3 - u. Calculate the greatest common divisor of p and 6.
6
Let i = 247 + 105. What is the greatest common divisor of 44 and i?
44
Let r(m) = m**3 - 19*m**2 + 12. Let p be r(19). Calculate the greatest common divisor of 12 and p.
12
Let r be 1*(6 + -2 + 0). Let n(b) = b + 25 - 29 + 22*b. Let v be n(r). Calculate the greatest common factor of 11 and v.
11
Let r(m) = -m**2 - 5*m + 4. Let c be r(-5). Let u be 11*(-66)/55*20/(-6). What is the greatest common divisor of c and u?
4
Let v(h) = -h**3 + 2*h**2 + h - 2. Let z be v(2). Suppose 5*u - 17 - 23 = z. Suppose u = s + 5. What is the greatest common factor of s and 27?
3
Let s be (2 + -1)/((-1)/(-11)*1). What is the highest common divisor of 143 and s?
11
Let w(p) = p**3 - 12*p**2 + 2*p + 6. Let i be w(12). Let c = -71 + 91. Calculate the greatest common factor of c and i.
10
Suppose 0*z + 36 = 3*z. Let u be 1/((-11)/55 - 0/(-1)). Let c be (-2)/(-6)*87 + u. What is the greatest common factor of c and z?
12
Suppose -l - 6 = -3*x, 2*x = -3*x + 4*l + 17. Let q be x/6 + (-1864)/(-48). What is the greatest common factor of q and 26?
13
Let y(s) = -2*s + 11. Let h = -12 - -12. Let x be y(h). What is the highest common divisor of 99 and x?
11
Let l be 3/9 - (-104712)/(-18). Let f be l/(-56) - (-1 - (-21)/24). What is the greatest common divisor of 8 and f?
8
Let f(i) be the second derivative of -2*i**3/3 + 7*i**2 + 6*i - 1. Let g be f(-7). Calculate the greatest common divisor of 21 and g.
21
Let g = 1318 + -1048. Calculate the greatest common divisor of 20 and g.
10
Let d(p) = p**3 + 31*p**2 - 65*p + 55. Let c be d(-33). Calculate the highest common divisor of 88 and c.
22
Let s(u) = u**3 + 7*u**2 + 199*u + 1958. Let i be s(-9). Suppose 2*k - 115 = 5*l, -89 - 174 = -4*k - l. What is the greatest common divisor of k and i?
5
Let u be (-4543)/(-118) - 6/(-4). Suppose -5*a - 3*h = -0*h - 803, 0 = -5*h + 5. Calculate the highest common divisor of a and u.
40
Let o(m) = 7 + 2*m**3 - 6*m**2 - 1 + 2 + 5*m - 3. Let u be o(3). What is t